 is divided by 13?
11
What is the remainder when 866949 is divided by 57790?
99
Calculate the remainder when 8742084 is divided by 10806.
30
What is the remainder when 17045 is divided by 15856?
1189
Calculate the remainder when 124490 is divided by 2757.
425
Calculate the remainder when 13874229 is divided by 173.
148
What is the remainder when 1691349 is divided by 845656?
37
Calculate the remainder when 16365277 is divided by 580.
577
What is the remainder when 5560675 is divided by 22332?
7
Calculate the remainder when 506001 is divided by 1788.
1785
What is the remainder when 1432642 is divided by 716321?
0
Calculate the remainder when 665077755 is divided by 7.
6
What is the remainder when 1215037 is divided by 338?
265
Calculate the remainder when 9245651 is divided by 374.
371
What is the remainder when 1189217 is divided by 3615?
3497
What is the remainder when 861791420 is divided by 208?
204
What is the remainder when 456116 is divided by 456116?
0
Calculate the remainder when 1474162 is divided by 78.
40
What is the remainder when 387917 is divided by 6?
5
Calculate the remainder when 1591539 is divided by 396.
15
Calculate the remainder when 60100 is divided by 233.
219
What is the remainder when 1800027 is divided by 14?
5
What is the remainder when 154793 is divided by 30742?
1083
Calculate the remainder when 263624440 is divided by 3308.
3304
Calculate the remainder when 126122 is divided by 282.
68
Calculate the remainder when 1159830 is divided by 996.
486
What is the remainder when 4504069 is divided by 798?
157
Calculate the remainder when 30779 is divided by 1397.
45
Calculate the remainder when 15611273 is divided by 15611265.
8
Calculate the remainder when 5550410 is divided by 28.
26
What is the remainder when 86793365 is divided by 157?
154
What is the remainder when 4289278 is divided by 70316?
2
What is the remainder when 6312460 is divided by 4852?
8
Calculate the remainder when 10326095 is divided by 424.
423
Calculate the remainder when 142497 is divided by 746.
11
What is the remainder when 2169135 is divided by 3190?
3125
Calculate the remainder when 66335993 is divided by 1987.
1985
Calculate the remainder when 1341377 is divided by 447122.
11
Calculate the remainder when 1678023 is divided by 616.
39
What is the remainder when 1088014 is divided by 88?
70
What is the remainder when 1189745 is divided by 45759?
11
What is the remainder when 3804957 is divided by 2646?
9
What is the remainder when 194574 is divided by 1520?
14
What is the remainder when 22452 is divided by 1750?
1452
Calculate the remainder when 923653 is divided by 30788.
13
What is the remainder when 81763 is divided by 4807?
44
Calculate the remainder when 6107069 is divided by 76.
13
What is the remainder when 485569 is divided by 12695?
3159
What is the remainder when 25417235 is divided by 244?
243
What is the remainder when 33493607 is divided by 367?
86
Calculate the remainder when 2547522 is divided by 745.
367
Calculate the remainder when 6099798 is divided by 3049894.
10
What is the remainder when 104532 is divided by 34705?
417
Calculate the remainder when 46571 is divided by 427.
28
What is the remainder when 4086530 is divided by 6466?
18
Calculate the remainder when 5324092 is divided by 1774651.
139
Calculate the remainder when 267741746 is divided by 63.
62
Calculate the remainder when 20191 is divided by 4615.
1731
What is the remainder when 228189 is divided by 306?
219
What is the remainder when 1121814 is divided by 6715?
409
What is the remainder when 758924 is divided by 35?
19
Calculate the remainder when 8748 is divided by 824.
508
What is the remainder when 94276248 is divided by 8?
0
Calculate the remainder when 155460 is divided by 642.
96
Calculate the remainder when 10227201 is divided by 164.
161
Calculate the remainder when 1322062 is divided by 118.
108
Calculate the remainder when 315941734 is divided by 44.
42
What is the remainder when 9177341 is divided by 3542?
19
Calculate the remainder when 296588982 is divided by 84.
18
Calculate the remainder when 102247 is divided by 213.
7
What is the remainder when 7822139 is divided by 18758?
53
What is the remainder when 406178 is divided by 246?
32
Calculate the remainder when 511835 is divided by 101870.
2485
Calculate the remainder when 727909 is divided by 2348.
29
Calculate the remainder when 582472 is divided by 404.
308
Calculate the remainder when 7878673 is divided by 463451.
6
Calculate the remainder when 30520352 is divided by 33.
5
Calculate the remainder when 3045796 is divided by 188.
8
What is the remainder when 5327481 is divided by 2403?
30
What is the remainder when 3078961 is divided by 356?
273
What is the remainder when 874112 is divided by 10925?
112
What is the remainder when 197528 is divided by 65674?
506
What is the remainder when 46983213 is divided by 22141?
11
Calculate the remainder when 458195 is divided by 859.
348
What is the remainder when 96815 is divided by 31893?
1136
What is the remainder when 1011098 is divided by 2534?
32
Calculate the remainder when 2206166 is divided by 735315.
221
What is the remainder when 723041 is divided by 2108?
2105
Calculate the remainder when 12253613 is divided by 5998.
5697
What is the remainder when 724687 is divided by 181082?
359
Calculate the remainder when 125316 is divided by 1650.
1566
Calculate the remainder when 13504232 is divided by 559.
469
Calculate the remainder when 8887823 is divided by 6.
5
Calculate the remainder when 2232633 is divided by 1118.
1105
Calculate the remainder when 355872 is divided by 2357.
2322
What is the remainder when 2614530 is divided by 12?
6
What is the remainder when 1892103 is divided by 336?
87
Calculate the remainder when 337976 is divided by 1131.
938
Calculate the remainder when 25436432 is divided by 1529.
1517
Calculate the remainder when 43981394 is divided by 145.
139
What is the remainder when 52142 is divided by 65?
12
What is the remainder when 318351 is divided by 6632?
15
Calculate the remainder when 239271 is divided by 33662.
3637
What is the remainder when 42059448 is divided by 78763?
6
Calculate the remainder when 25026 is divided by 140.
106
What is the remainder when 89047 is divided by 21903?
1435
Calculate the remainder when 4963923 is divided by 12107.
53
Calculate the remainder when 4518144 is divided by 15010.
134
Calculate the remainder when 30644 is divided by 15277.
90
What is the remainder when 67367 is divided by 20909?
4640
What is the remainder when 130994416 is divided by 14554934?
10
Calculate the remainder when 3250724 is divided by 72.
68
Calculate the remainder when 54510 is divided by 13391.
946
What is the remainder when 7053948 is divided by 114?
84
What is the remainder when 49796136 is divided by 6827?
6825
Calculate the remainder when 1587540 is divided by 843.
171
What is the remainder when 29162 is divided by 198?
56
Calculate the remainder when 196515729 is divided by 723.
714
What is the remainder when 129712 is divided by 38526?
14134
What is the remainder when 6979245 is divided by 7904?
13
Calculate the remainder when 2674799 is divided by 106.
101
Calculate the remainder when 6408723 is divided by 10205.
10188
Calculate the remainder when 6521 is divided by 3805.
2716
What is the remainder when 17820 is divided by 255?
225
What is the remainder when 2186867 is divided by 1177?
1
Calculate the remainder when 18848 is divided by 18130.
718
Calculate the remainder when 110980 is divided by 516.
40
Calculate the remainder when 944683 is divided by 2380.
2203
Calculate the remainder when 17796 is divided by 14973.
2823
What is the remainder when 50672 is divided by 4197?
308
What is the remainder when 1630322 is divided by 6937?
127
Calculate the remainder when 101549 is divided by 98032.
3517
What is the remainder when 1670104 is divided by 29300?
4
Calculate the remainder when 49590039 is divided by 122.
89
What is the remainder when 9737768 is divided by 699?
698
What is the remainder when 308220 is divided by 22015?
10
What is the remainder when 85998090 is divided by 17199617?
5
What is the remainder when 107478 is divided by 35767?
177
What is the remainder when 312515 is divided by 26034?
107
Calcu